{"id":122,"date":"2022-11-30T15:00:43","date_gmt":"2022-11-30T15:00:43","guid":{"rendered":"https:\/\/www.sbs-disentis-zurich.ch\/mountain-campus\/wohnen-in-disentis\/"},"modified":"2023-12-28T13:44:16","modified_gmt":"2023-12-28T13:44:16","slug":"wohnen-in-disentis","status":"publish","type":"page","link":"https:\/\/www.sbs-disentis-zurich.ch\/de\/mountain-campus\/wohnen-in-disentis\/","title":{"rendered":"Wohnen in Disentis"},"content":{"rendered":"<div class=\"fusion-fullwidth fullwidth-box fusion-builder-row-1 fusion-flex-container nonhundred-percent-fullwidth non-hundred-percent-height-scrolling\" style=\"--awb-border-radius-top-left:0px;--awb-border-radius-top-right:0px;--awb-border-radius-bottom-right:0px;--awb-border-radius-bottom-left:0px;--awb-flex-wrap:wrap;\" ><div class=\"fusion-builder-row fusion-row fusion-flex-align-items-flex-start fusion-flex-content-wrap\" style=\"max-width:calc( 1200px + 20px );margin-left: calc(-20px \/ 2 );margin-right: calc(-20px \/ 2 );\"><div class=\"fusion-layout-column fusion_builder_column fusion-builder-column-0 fusion_builder_column_1_1 1_1 fusion-flex-column\" style=\"--awb-bg-size:cover;--awb-width-large:100%;--awb-margin-top-large:0px;--awb-spacing-right-large:10px;--awb-margin-bottom-large:0px;--awb-spacing-left-large:10px;--awb-width-medium:100%;--awb-spacing-right-medium:10px;--awb-spacing-left-medium:10px;--awb-width-small:100%;--awb-spacing-right-small:10px;--awb-spacing-left-small:10px;\"><div class=\"fusion-column-wrapper fusion-flex-justify-content-flex-start fusion-content-layout-column\"><div class=\"fusion-title title fusion-title-1 fusion-sep-none fusion-title-text fusion-title-size-one\"><h1 class=\"fusion-title-heading title-heading-left fusion-responsive-typography-calculated\" style=\"margin:0;--fontSize:36;line-height:var(--awb-typography1-line-height);\">WOHNEN IN DISENTIS<\/h1><\/div><div class=\"fusion-text fusion-text-1\"><p>Die Jungs sind im altehrw\u00fcrdigen Klostergeb\u00e4ude in modernen Einzelzimmern, in der Regel mit eigener Dusche\/Toilette untergebracht. Die M\u00e4dchen wohnen im 2005 erstellten und mehrfach ausgezeichneten Caminada-Haus, ebenfalls in Einzelzimmern. Rund um die Uhr sind Betreuungspersonen vor Ort erreichbar.<\/p>\n<p>Gemeinschaftsr\u00e4ume mit einer kleinen K\u00fcche laden zum gem\u00fctlichen Zusammensein ein\u00a0\u2013 hier entstehen Freundschaften, die oft ein Leben lang halten.<\/p>\n<p>Alle Sch\u00fclerinnen und Sch\u00fcler werden t\u00e4glich mit frischen und gesunden Mahlzeiten verpflegt. Die K\u00fcche ist europ\u00e4isch, vegetarische Men\u00fcs werden angeboten.<\/p>\n<p>Das Internat ist 44 Wochen im Jahr ge\u00f6ffnet. Im Sommer ist es 6 Wochen und \u00fcber Weihnachten 2 Wochen geschlossen. W\u00e4hrend der Sommerferien k\u00f6nnen die Jugendlichen an unseren <a href=\"https:\/\/www.sbs-disentis-zurich.ch\/de\/holiday-camps\/\">Summercamps<\/a> in Winterthur oder Disentis teilnehmen.<\/p>\n<\/div><div ><a class=\"fusion-button button-flat fusion-button-default-size button-default fusion-button-default button-1 fusion-button-default-span fusion-button-default-type\" target=\"_self\" href=\"https:\/\/www.sbs-disentis-zurich.ch\/de\/beratung\/\"><span class=\"fusion-button-text\">Unverbindliche Beratung<\/span><\/a><\/div><\/div><\/div><\/div><\/div>\n","protected":false},"excerpt":{"rendered":"","protected":false},"author":1,"featured_media":0,"parent":119,"menu_order":0,"comment_status":"closed","ping_status":"closed","template":"100-width.php","meta":{"_acf_changed":false,"footnotes":""},"class_list":["post-122","page","type-page","status-publish","hentry"],"acf":[],"yoast_head":"<!-- This site is optimized with the Yoast SEO plugin v23.7 - https:\/\/yoast.com\/wordpress\/plugins\/seo\/ -->\n<title>Wohnen in Disentis - Swiss Boarding Schools Disentis &amp; Zurich<\/title>\n<meta name=\"robots\" content=\"index, follow, max-snippet:-1, max-image-preview:large, max-video-preview:-1\" \/>\n<link rel=\"canonical\" href=\"https:\/\/www.sbs-disentis-zurich.ch\/de\/mountain-campus\/wohnen-in-disentis\/\" \/>\n<meta property=\"og:locale\" content=\"de_DE\" \/>\n<meta property=\"og:type\" content=\"article\" \/>\n<meta property=\"og:title\" content=\"Wohnen in Disentis - Swiss Boarding Schools Disentis &amp; Zurich\" \/>\n<meta property=\"og:url\" content=\"https:\/\/www.sbs-disentis-zurich.ch\/de\/mountain-campus\/wohnen-in-disentis\/\" \/>\n<meta property=\"og:site_name\" content=\"Swiss Boarding Schools Disentis &amp; Zurich\" \/>\n<meta property=\"article:modified_time\" content=\"2023-12-28T13:44:16+00:00\" \/>\n<meta name=\"twitter:card\" content=\"summary_large_image\" \/>\n<meta name=\"twitter:label1\" content=\"Gesch\u00e4tzte Lesezeit\" \/>\n\t<meta name=\"twitter:data1\" content=\"2\u00a0Minuten\" \/>\n<script type=\"application\/ld+json\" class=\"yoast-schema-graph\">{\"@context\":\"https:\/\/schema.org\",\"@graph\":[{\"@type\":\"WebPage\",\"@id\":\"https:\/\/www.sbs-disentis-zurich.ch\/de\/mountain-campus\/wohnen-in-disentis\/\",\"url\":\"https:\/\/www.sbs-disentis-zurich.ch\/de\/mountain-campus\/wohnen-in-disentis\/\",\"name\":\"Wohnen in Disentis - Swiss Boarding Schools Disentis &amp; Zurich\",\"isPartOf\":{\"@id\":\"https:\/\/www.sbs-disentis-zurich.ch\/#website\"},\"datePublished\":\"2022-11-30T15:00:43+00:00\",\"dateModified\":\"2023-12-28T13:44:16+00:00\",\"breadcrumb\":{\"@id\":\"https:\/\/www.sbs-disentis-zurich.ch\/de\/mountain-campus\/wohnen-in-disentis\/#breadcrumb\"},\"inLanguage\":\"de\",\"potentialAction\":[{\"@type\":\"ReadAction\",\"target\":[\"https:\/\/www.sbs-disentis-zurich.ch\/de\/mountain-campus\/wohnen-in-disentis\/\"]}]},{\"@type\":\"BreadcrumbList\",\"@id\":\"https:\/\/www.sbs-disentis-zurich.ch\/de\/mountain-campus\/wohnen-in-disentis\/#breadcrumb\",\"itemListElement\":[{\"@type\":\"ListItem\",\"position\":1,\"name\":\"Home\",\"item\":\"https:\/\/www.sbs-disentis-zurich.ch\/de\/\"},{\"@type\":\"ListItem\",\"position\":2,\"name\":\"Mountain Campus\",\"item\":\"https:\/\/www.sbs-disentis-zurich.ch\/de\/mountain-campus\/\"},{\"@type\":\"ListItem\",\"position\":3,\"name\":\"Wohnen in Disentis\"}]},{\"@type\":\"WebSite\",\"@id\":\"https:\/\/www.sbs-disentis-zurich.ch\/#website\",\"url\":\"https:\/\/www.sbs-disentis-zurich.ch\/\",\"name\":\"Swiss Boarding Schools Disentis & Zurich\",\"description\":\"\",\"publisher\":{\"@id\":\"https:\/\/www.sbs-disentis-zurich.ch\/#organization\"},\"potentialAction\":[{\"@type\":\"SearchAction\",\"target\":{\"@type\":\"EntryPoint\",\"urlTemplate\":\"https:\/\/www.sbs-disentis-zurich.ch\/?s={search_term_string}\"},\"query-input\":{\"@type\":\"PropertyValueSpecification\",\"valueRequired\":true,\"valueName\":\"search_term_string\"}}],\"inLanguage\":\"de\"},{\"@type\":\"Organization\",\"@id\":\"https:\/\/www.sbs-disentis-zurich.ch\/#organization\",\"name\":\"Swiss Boarding Schools Disentis &; Zurich\",\"url\":\"https:\/\/www.sbs-disentis-zurich.ch\/\",\"logo\":{\"@type\":\"ImageObject\",\"inLanguage\":\"de\",\"@id\":\"https:\/\/www.sbs-disentis-zurich.ch\/#\/schema\/logo\/image\/\",\"url\":\"https:\/\/www.sbs-disentis-zurich.ch\/wp-content\/uploads\/sbsdz-2x.png\",\"contentUrl\":\"https:\/\/www.sbs-disentis-zurich.ch\/wp-content\/uploads\/sbsdz-2x.png\",\"width\":520,\"height\":112,\"caption\":\"Swiss Boarding Schools Disentis &; Zurich\"},\"image\":{\"@id\":\"https:\/\/www.sbs-disentis-zurich.ch\/#\/schema\/logo\/image\/\"}}]}<\/script>\n<!-- \/ Yoast SEO plugin. -->","yoast_head_json":{"title":"Wohnen in Disentis - Swiss Boarding Schools Disentis &amp; Zurich","robots":{"index":"index","follow":"follow","max-snippet":"max-snippet:-1","max-image-preview":"max-image-preview:large","max-video-preview":"max-video-preview:-1"},"canonical":"https:\/\/www.sbs-disentis-zurich.ch\/de\/mountain-campus\/wohnen-in-disentis\/","og_locale":"de_DE","og_type":"article","og_title":"Wohnen in Disentis - Swiss Boarding Schools Disentis &amp; Zurich","og_url":"https:\/\/www.sbs-disentis-zurich.ch\/de\/mountain-campus\/wohnen-in-disentis\/","og_site_name":"Swiss Boarding Schools Disentis &amp; Zurich","article_modified_time":"2023-12-28T13:44:16+00:00","twitter_card":"summary_large_image","twitter_misc":{"Gesch\u00e4tzte Lesezeit":"2\u00a0Minuten"},"schema":{"@context":"https:\/\/schema.org","@graph":[{"@type":"WebPage","@id":"https:\/\/www.sbs-disentis-zurich.ch\/de\/mountain-campus\/wohnen-in-disentis\/","url":"https:\/\/www.sbs-disentis-zurich.ch\/de\/mountain-campus\/wohnen-in-disentis\/","name":"Wohnen in Disentis - Swiss Boarding Schools Disentis &amp; Zurich","isPartOf":{"@id":"https:\/\/www.sbs-disentis-zurich.ch\/#website"},"datePublished":"2022-11-30T15:00:43+00:00","dateModified":"2023-12-28T13:44:16+00:00","breadcrumb":{"@id":"https:\/\/www.sbs-disentis-zurich.ch\/de\/mountain-campus\/wohnen-in-disentis\/#breadcrumb"},"inLanguage":"de","potentialAction":[{"@type":"ReadAction","target":["https:\/\/www.sbs-disentis-zurich.ch\/de\/mountain-campus\/wohnen-in-disentis\/"]}]},{"@type":"BreadcrumbList","@id":"https:\/\/www.sbs-disentis-zurich.ch\/de\/mountain-campus\/wohnen-in-disentis\/#breadcrumb","itemListElement":[{"@type":"ListItem","position":1,"name":"Home","item":"https:\/\/www.sbs-disentis-zurich.ch\/de\/"},{"@type":"ListItem","position":2,"name":"Mountain Campus","item":"https:\/\/www.sbs-disentis-zurich.ch\/de\/mountain-campus\/"},{"@type":"ListItem","position":3,"name":"Wohnen in Disentis"}]},{"@type":"WebSite","@id":"https:\/\/www.sbs-disentis-zurich.ch\/#website","url":"https:\/\/www.sbs-disentis-zurich.ch\/","name":"Swiss Boarding Schools Disentis & Zurich","description":"","publisher":{"@id":"https:\/\/www.sbs-disentis-zurich.ch\/#organization"},"potentialAction":[{"@type":"SearchAction","target":{"@type":"EntryPoint","urlTemplate":"https:\/\/www.sbs-disentis-zurich.ch\/?s={search_term_string}"},"query-input":{"@type":"PropertyValueSpecification","valueRequired":true,"valueName":"search_term_string"}}],"inLanguage":"de"},{"@type":"Organization","@id":"https:\/\/www.sbs-disentis-zurich.ch\/#organization","name":"Swiss Boarding Schools Disentis &; Zurich","url":"https:\/\/www.sbs-disentis-zurich.ch\/","logo":{"@type":"ImageObject","inLanguage":"de","@id":"https:\/\/www.sbs-disentis-zurich.ch\/#\/schema\/logo\/image\/","url":"https:\/\/www.sbs-disentis-zurich.ch\/wp-content\/uploads\/sbsdz-2x.png","contentUrl":"https:\/\/www.sbs-disentis-zurich.ch\/wp-content\/uploads\/sbsdz-2x.png","width":520,"height":112,"caption":"Swiss Boarding Schools Disentis &; Zurich"},"image":{"@id":"https:\/\/www.sbs-disentis-zurich.ch\/#\/schema\/logo\/image\/"}}]}},"_links":{"self":[{"href":"https:\/\/www.sbs-disentis-zurich.ch\/de\/wp-json\/wp\/v2\/pages\/122","targetHints":{"allow":["GET"]}}],"collection":[{"href":"https:\/\/www.sbs-disentis-zurich.ch\/de\/wp-json\/wp\/v2\/pages"}],"about":[{"href":"https:\/\/www.sbs-disentis-zurich.ch\/de\/wp-json\/wp\/v2\/types\/page"}],"author":[{"embeddable":true,"href":"https:\/\/www.sbs-disentis-zurich.ch\/de\/wp-json\/wp\/v2\/users\/1"}],"replies":[{"embeddable":true,"href":"https:\/\/www.sbs-disentis-zurich.ch\/de\/wp-json\/wp\/v2\/comments?post=122"}],"version-history":[{"count":8,"href":"https:\/\/www.sbs-disentis-zurich.ch\/de\/wp-json\/wp\/v2\/pages\/122\/revisions"}],"predecessor-version":[{"id":2220,"href":"https:\/\/www.sbs-disentis-zurich.ch\/de\/wp-json\/wp\/v2\/pages\/122\/revisions\/2220"}],"up":[{"embeddable":true,"href":"https:\/\/www.sbs-disentis-zurich.ch\/de\/wp-json\/wp\/v2\/pages\/119"}],"wp:attachment":[{"href":"https:\/\/www.sbs-disentis-zurich.ch\/de\/wp-json\/wp\/v2\/media?parent=122"}],"curies":[{"name":"wp","href":"https:\/\/api.w.org\/{rel}","templated":true}]}}

<div class="fusion-fullwidth fullwidth-box fusion-builder-row-1 fusion-flex-container nonhundred-percent-fullwidth non-hundred-percent-height-scrolling" style="--awb-border-radius-top-left:0px;--awb-border-radius-top-right:0px;--awb-border-radius-bottom-right:0px;--awb-border-radius-bottom-left:0px;--awb-flex-wrap:wrap;" ><div class="fusion-builder-row fusion-row fusion-flex-align-items-flex-start fusion-flex-content-wrap" style="max-width:calc( 1200px + 20px );margin-left: calc(-20px / 2 );margin-right: calc(-20px / 2 );"><div class="fusion-layout-column fusion_builder_column fusion-builder-column-0 fusion_builder_column_1_1 1_1 fusion-flex-column" style="--awb-bg-size:cover;--awb-width-large:100%;--awb-margin-top-large:0px;--awb-spacing-right-large:10px;--awb-margin-bottom-large:0px;--awb-spacing-left-large:10px;--awb-width-medium:100%;--awb-spacing-right-medium:10px;--awb-spacing-left-medium:10px;--awb-width-small:100%;--awb-spacing-right-small:10px;--awb-spacing-left-small:10px;"><div class="fusion-column-wrapper fusion-flex-justify-content-flex-start fusion-content-layout-column"><div class="fusion-title title fusion-title-1 fusion-sep-none fusion-title-text fusion-title-size-one"><h1 class="fusion-title-heading title-heading-left fusion-responsive-typography-calculated" style="margin:0;--fontSize:36;line-height:var(--awb-typography1-line-height);">WOHNEN IN DISENTIS</h1></div><div class="fusion-text fusion-text-1"><p>Die Jungs sind im altehrwürdigen Klostergebäude in modernen Einzelzimmern, in der Regel mit eigener Dusche/Toilette untergebracht. Die Mädchen wohnen im 2005 erstellten und mehrfach ausgezeichneten Caminada-Haus, ebenfalls in Einzelzimmern. Rund um die Uhr sind Betreuungspersonen vor Ort erreichbar.</p>
<p>Gemeinschaftsräume mit einer kleinen Küche laden zum gemütlichen Zusammensein ein – hier entstehen Freundschaften, die oft ein Leben lang halten.</p>
<p>Alle Schülerinnen und Schüler werden täglich mit frischen und gesunden Mahlzeiten verpflegt. Die Küche ist europäisch, vegetarische Menüs werden angeboten.</p>
<p>Das Internat ist 44 Wochen im Jahr geöffnet. Im Sommer ist es 6 Wochen und über Weihnachten 2 Wochen geschlossen. Während der Sommerferien können die Jugendlichen an unseren <a href="https://www.sbs-disentis-zurich.ch/de/holiday-camps/">Summercamps</a> in Winterthur oder Disentis teilnehmen.</p>
</div><div ><a class="fusion-button button-flat fusion-button-default-size button-default fusion-button-default button-1 fusion-button-default-span fusion-button-default-type" target="_self" href="https://www.sbs-disentis-zurich.ch/de/beratung/"><span class="fusion-button-text">Unverbindliche Beratung</span></a></div></div></div></div></div>

<!-- This site is optimized with the Yoast SEO plugin v23.7 - https://yoast.com/wordpress/plugins/seo/ -->
<title>Wohnen in Disentis - Swiss Boarding Schools Disentis &amp; Zurich</title>
<meta name="robots" content="index, follow, max-snippet:-1, max-image-preview:large, max-video-preview:-1" />
<link rel="canonical" href="https://www.sbs-disentis-zurich.ch/de/mountain-campus/wohnen-in-disentis/" />
<meta property="og:locale" content="de_DE" />
<meta property="og:type" content="article" />
<meta property="og:title" content="Wohnen in Disentis - Swiss Boarding Schools Disentis &amp; Zurich" />
<meta property="og:url" content="https://www.sbs-disentis-zurich.ch/de/mountain-campus/wohnen-in-disentis/" />
<meta property="og:site_name" content="Swiss Boarding Schools Disentis &amp; Zurich" />
<meta property="article:modified_time" content="2023-12-28T13:44:16+00:00" />
<meta name="twitter:card" content="summary_large_image" />
<meta name="twitter:label1" content="Geschätzte Lesezeit" />
	<meta name="twitter:data1" content="2 Minuten" />
<script type="application/ld+json" class="yoast-schema-graph">{"@context":"https://schema.org","@graph":[{"@type":"WebPage","@id":"https://www.sbs-disentis-zurich.ch/de/mountain-campus/wohnen-in-disentis/","url":"https://www.sbs-disentis-zurich.ch/de/mountain-campus/wohnen-in-disentis/","name":"Wohnen in Disentis - Swiss Boarding Schools Disentis &amp; Zurich","isPartOf":{"@id":"https://www.sbs-disentis-zurich.ch/#website"},"datePublished":"2022-11-30T15:00:43+00:00","dateModified":"2023-12-28T13:44:16+00:00","breadcrumb":{"@id":"https://www.sbs-disentis-zurich.ch/de/mountain-campus/wohnen-in-disentis/#breadcrumb"},"inLanguage":"de","potentialAction":[{"@type":"ReadAction","target":["https://www.sbs-disentis-zurich.ch/de/mountain-campus/wohnen-in-disentis/"]}]},{"@type":"BreadcrumbList","@id":"https://www.sbs-disentis-zurich.ch/de/mountain-campus/wohnen-in-disentis/#breadcrumb","itemListElement":[{"@type":"ListItem","position":1,"name":"Home","item":"https://www.sbs-disentis-zurich.ch/de/"},{"@type":"ListItem","position":2,"name":"Mountain Campus","item":"https://www.sbs-disentis-zurich.ch/de/mountain-campus/"},{"@type":"ListItem","position":3,"name":"Wohnen in Disentis"}]},{"@type":"WebSite","@id":"https://www.sbs-disentis-zurich.ch/#website","url":"https://www.sbs-disentis-zurich.ch/","name":"Swiss Boarding Schools Disentis & Zurich","description":"","publisher":{"@id":"https://www.sbs-disentis-zurich.ch/#organization"},"potentialAction":[{"@type":"SearchAction","target":{"@type":"EntryPoint","urlTemplate":"https://www.sbs-disentis-zurich.ch/?s={search_term_string}"},"query-input":{"@type":"PropertyValueSpecification","valueRequired":true,"valueName":"search_term_string"}}],"inLanguage":"de"},{"@type":"Organization","@id":"https://www.sbs-disentis-zurich.ch/#organization","name":"Swiss Boarding Schools Disentis &; Zurich","url":"https://www.sbs-disentis-zurich.ch/","logo":{"@type":"ImageObject","inLanguage":"de","@id":"https://www.sbs-disentis-zurich.ch/#/schema/logo/image/","url":"https://www.sbs-disentis-zurich.ch/wp-content/uploads/sbsdz-2x.png","contentUrl":"https://www.sbs-disentis-zurich.ch/wp-content/uploads/sbsdz-2x.png","width":520,"height":112,"caption":"Swiss Boarding Schools Disentis &; Zurich"},"image":{"@id":"https://www.sbs-disentis-zurich.ch/#/schema/logo/image/"}}]}</script>
<!-- / Yoast SEO plugin. -->
